18. Let y = g - -5695. What is the units digit of y?
9
Suppose -26*g + 2*g + 168 = 0. Suppose -10935 = -g*i - 2087. What is the hundreds digit of i?
2
Let i(c) = 6*c**2 - 2*c - 28. Let b be i(8). Let s = -232 + b. What is the units digit of s?
8
Suppose -20*b - 340 = -25*b - 3*d, -b = 4*d - 85. Suppose -63*h = -b*h + 406. What is the tens digit of h?
0
Let n(z) be the second derivative of -9*z**5/2 + 3*z**4/4 + z**3/2 - z**2/2 + 247*z. What is the tens digit of n(-2)?
4
Let m(d) be the second derivative of -209*d**3/6 - 12*d**2 + 5*d - 13. What is the thousands digit of m(-6)?
1
Let s = -15242 - -68817. What is the thousands digit of s?
3
Let s = -5 - 3. Let w(v) = -25*v**2 + 11*v - 5. Let u(m) = -17*m**2 + 7*m - 3. Let x(z) = s*u(z) + 5*w(z). What is the units digit of x(-2)?
5
Let k(o) = -53*o**3 + 8*o**2 + 22*o - 3. Suppose -z - 3 = 2*d - 4, 0 = 2*z - 4*d + 14. What is the tens digit of k(z)?
3
Let d = 15692 + 18071. What is the tens digit of d?
6
Let o(y) = -y**3 - 20*y**2 - 5*y + 59. Let l be o(-20). Let b be (-1238)/(-18) - 2/(-9). Let i = l - b. What is the units digit of i?
0
Let h(f) = -6*f + 31. Let b be h(7). What is the tens digit of 622/4 - (b + 4)/14?
5
Let b(r) = r**2 + 50*r - 816. What is the units digit of b(72)?
8
Let l = 21 - 18. Let a(t) = -5*t + 7*t**2 - 2*t**2 + 1 - l*t**2 - 2. What is the units digit of a(3)?
2
Let n = 35886 + -17686. What is the hundreds digit of n?
2
Let w(s) = -114*s + 35*s + 43*s + 41*s + 3*s**2. Let d(c) = -2*c**2 - 5*c - 2. Let t be d(-3). What is the tens digit of w(t)?
5
Let f = -137 - -125. What is the units digit of 17*26 - f/6?
4
Let u = 34271 + -11748. What is the units digit of u?
3
Let a(x) = -34877*x - 246. What is the hundreds digit of a(-1)?
6
Suppose 4 = 7*o - 3*o. Suppose -d = o, b + d = -1 - 1. What is the tens digit of (-20)/(b/(-6)*-2*6)?
1
Let g(l) = 75*l**2 - 3*l - 4. Let d be g(4). Suppose 110*p = 114*p - d. What is the units digit of p?
6
What is the hundreds digit of 42/(-399) - (-405)/57 - -3764?
7
Let l(j) = -557*j - 15352. What is the ten thousands digit of l(-61)?
1
Suppose g - 13 = c + 10, c = 3*g - 61. Let t be (g + -19)/(-1*(3 - 1)). Suppose t = -20*x + 21*x - 39. What is the tens digit of x?
3
Let p(f) be the third derivative of 11*f**2 - 1/2*f**3 + 25/24*f**4 + 0 + 0*f. What is the tens digit of p(4)?
9
Let h(j) = 4*j**2 - 37*j - 1221. What is the units digit of h(-42)?
9
Let o = -66 + 26. Suppose 238 = 3*c + 5*f, -c + 104 = f + 28. Let t = c + o. What is the units digit of t?
1
Let q = 60392 - 38867. What is the tens digit of q?
2
Let c be (80/(-4))/(8/36). Let l = c - -376. What is the units digit of l?
6
Let f be 10 + 16/32 + 1/(-2). Suppose -2*l = -2*y - f, 3*y - y + 4 = 0. Suppose 4*h = -l*h + 1155. What is the hundreds digit of h?
1
Suppose x = y + 2726, -4*y = -2*x - 3*x + 13632. What is the units digit of x?
8
Let k be 1*141*(50/(-15) + 3). Let r = k - -50. Suppose 0 = -h - r*b + 63, -3*b + 94 + 158 = 4*h. What is the tens digit of h?
6
Let y(x) = x**2 + 6*x. Let t be y(-6). What is the hundreds digit of 4 + 176 + (t - 2)?
1
Let t(d) be the third derivative of 31*d**5/20 + d**4/24 - d**3/3 - 6*d**2. Let y(m) = m**3 - 4*m**2 - 5*m + 1. Let q be y(5). What is the tens digit of t(q)?
9
Let z(c) = 52*c**2 - 30*c + 130. What is the hundreds digit of z(13)?
5
Let z be (-11)/((-22)/(-6))*137/1. Let r = 102 - z. What is the hundreds digit of r?
5
Let o = -6371 + 11741. What is the hundreds digit of o?
3
Let l = -2970 + 7056. What is the thousands digit of l?
4
Let v(p) = 1338*p**2 + 8*p - 66. What is the thousands digit of v(-3)?
1
Let l(m) = 23*m + 10*m - 9*m + 16 + 72 + 7*m**2 + 61. What is the tens digit of l(-7)?
2
Let g be ((-33)/66 + 7/(-2))/((-2)/216). Let y(q) = 41*q - 1. Let j be y(-6). Let v = j + g. What is the tens digit of v?
8
Suppose q + 10 = 6*q. Suppose 0 = 5*s - 3*g + 108, -q*g + 31 + 34 = -3*s. What is the units digit of (27/s - (-6)/21) + 187?
6
Let s = -5243 - -15474. What is the tens digit of s?
3
What is the tens digit of -410*(1 - (-17)/(-2)) - 2138/(-1069)?
7
Let b(x) = -6*x**2 + 4*x**3 + 0 - 5*x**3 - 5*x + 7. Suppose -11*h + 15 = 70. What is the units digit of b(h)?
7
Suppose 0 = -12*i - 0. Suppose i = -7*g + g - 120. Let a = 268 + g. What is the units digit of a?
8
Suppose 3*n = -3*h - 3, -3*h - 5 = 23*n - 18*n. Let j(u) = 27 - 5*u - 3*u - u**2 + 7*u. What is the units digit of j(h)?
7
Let x be 0 + 4 - (-858 + 0 - -2). Suppose 8*j - 2900 + x = 0. What is the units digit of j?
5
Let y(t) = 8*t**2 - 16*t + 11. Let p be y(11). What is the units digit of (0 + 4)/(22/p)?
6
What is the units digit of 12820/6*1728/480?
2
Let p(n) = 5*n**2 - 23*n - 18. Let a(m) be the first derivative of -4*m**3/3 + 12*m**2 + 18*m + 6. Let k(y) = 4*a(y) + 3*p(y). What is the units digit of k(13)?
0
What is the tens digit of -2 - 456903/(-51) - 22/(-187)?
5
Let i(m) = m**2 + 46*m + 33. Let d(n) = 3*n**2 + 139*n + 99. Let z(r) = -6*d(r) + 17*i(r). What is the units digit of z(-26)?
3
Suppose 9*x = 638672 - 81545. What is the tens digit of x?
0
Let h(m) = 7*m**2 - 10*m + 2 - m**2 + 15 + 12*m**2. What is the units digit of h(2)?
9
Let w = -96 - -110. Suppose -w*c + 26*c - 2688 = 0. What is the tens digit of c?
2
Let c = 16 - 6. Let w(b) = 35 + c*b - 7 + 2*b - 2*b. What is the hundreds digit of w(15)?
1
Let h = 22571 - 14669. What is the hundreds digit of h?
9
Let q be (-4)/10 + (-84)/15 - -715. Suppose 0 = -o + 112 + q. What is the units digit of o?
1
Let k(y) = 34268*y**2 + 620*y + 618. What is the units digit of k(-1)?
6
Let c(w) = 3*w**2 + 9*w + 6. Let x(m) = -m. Let h(g) = -c(g) - x(g). Let z be h(-4). What is the units digit of (-16)/(-88) - 2108/z?
6
Let k(q) = 11*q**2 + 28*q + 11. Suppose -4*f + 3*h = 25, -h + 2*h = 3*f + 25. What is the tens digit of k(f)?
3
Suppose o - 1736 = 2*b, -570*b + 575*b + 8680 = 5*o. What is the thousands digit of o?
1
Let w(m) = 159*m - 22. Let s(a) = 9*a + 299. Let j be s(-33). What is the units digit of w(j)?
6
Suppose 5*t + 0*t + 100 = 0. Let o be (18/15)/((-4)/t). What is the units digit of (-4)/(-6) - (-326)/o?
5
Let z be 1*(-1 - -3) + 507. Let f be (-3)/5 - (-4 + (-198)/55). Suppose f*s - z = 219. What is the units digit of s?
4
Let n = -29 + -21. Let l = -47 - n. Suppose l*q = -4*v + 185, 5*q - 12 = q. What is the tens digit of v?
4
Suppose -20 = -10*l + 20. Suppose 0 = l*h - 0*h - 108. What is the units digit of (44/(-5))/(h/(-135))?
4
Suppose -3*u - 3 = -33. Let m = u + -12. What is the units digit of ((-16)/m)/(1/2)?
6
Suppose 2*w + 10 = 14. Suppose -5*j + 117 = w*d, 5*d + 2*j + j = 264. What is the tens digit of 5*d*(0 + (-4)/(-10))?
0
Suppose 0 = -38*j + 39*j - 2842. What is the tens digit of j?
4
Suppose r = 3 + 8. Let n = 173 + r. Let k = n - 98. What is the units digit of k?
6
Suppose -8*x + 5*l + 11606 + 79432 = 0, 5*l = -x + 11346. What is the thousands digit of x?
1
Let y(z) = -22*z - 8. Let v be y(-2). Suppose x - 10*x = -v. Suppose -x*j = -2*f - 212, -3*j + 169 = 2*f - f. What is the units digit of j?
5
Suppose -g - 2*a - 93 = 26, 3*g = -4*a - 357. Let j = 119 + g. Suppose j = -5*d - i + 479, -116 = -2*d + 5*i + 81. What is the units digit of d?
6
Let x be (-7 - -76)/(6/4). Suppose 45*r + 839 = x*r. What is the tens digit of r?
3
Suppose -13*h - 15522 = -88816. What is the hundreds digit of h?
6
Let b be -4 - (-7 + 2) - (-175)/1. Suppose -2*y + 177 = -3*x + 8*x, -y = 5*x - b. Suppose -s = -x + 32. What is the units digit of s?
3
Let a(z) = -41*z - 1090. Let l be a(-28). Let c be -2 + 29/1 + 1. Suppose -30*f + c*f + l = 0. What is the units digit of f?
9
Let z = 577 + -901. Let p = 127 + z. Let d = p + 299. What is the hundreds digit of d?
1
Suppose -124*z - 251185 = -1568437. What is the hundreds digit of z?
6
Suppose 4*y + h + h = -2902, 4*h = -3*y - 2174. Let m = -387 - y. What is the units digit of m?
9
Let x(l) be the second derivative of l**5/20 + 19*l**4/12 + 7*l**3/2 + 13*l**2 + 23*l. Let s be x(-18). Let a = s + 173. What is the tens digit of a?
4
Suppose 13*y - 80117 = -11958. What is the thousands digit of y?
5
What is the units digit of (-116763)/(-8) + 276/(-736)?
5
Let q be 2 + 13/((-39)/(-60)). Suppose 361 - q = k. What is the tens digit of k?
3
Let j(g) = 3*g**2 - 27*g + 126. Let n(y) = 9*y + 71.